19471 + 17?
19488
In base 9, what is 3 + 1123?
1126
In base 7, what is -3 - -355363?
355360
In base 12, what is 0 + 33915?
33915
In base 11, what is -5 - 26a7a?
-26a84
In base 13, what is 1 + -282767?
-282766
In base 14, what is -42625 + -5?
-4262a
In base 7, what is -2 - -3143420?
3143415
In base 3, what is 11 - -212000110202?
212000110220
In base 4, what is -111200030 + 11?
-111200013
In base 7, what is 136 - 410?
-241
In base 15, what is -3 - 14cd9e?
-14cda2
In base 13, what is -25bba97 - 4?
-25bba9b
In base 15, what is 171e + 10?
172e
In base 9, what is 2 - 8008?
-8006
In base 3, what is 22112012 - -10102?
22122121
In base 15, what is 3 - -3537?
353a
In base 14, what is 226115 - 3?
226112
In base 5, what is -302012 + 403?
-301104
In base 13, what is 10 + -197cc?
-197bc
In base 14, what is bb55 + 1?
bb56
In base 12, what is 3 - 41a5?
-41a2
In base 5, what is -4203012 + 2?
-4203010
In base 13, what is -2114 - 58?
-216c
In base 15, what is -a + -610?
-61a
In base 14, what is 91 - -127?
1b8
In base 15, what is 5 - -19ed?
1a03
In base 8, what is 12 + -7561?
-7547
In base 15, what is 5 + 3be57?
3be5c
In base 11, what is 1a + -18616?
-185a7
In base 11, what is 4 + -a8047?
-a8043
In base 16, what is -4 - 189d?
-18a1
In base 11, what is 376a - 722?
3048
In base 6, what is 40502 - -4?
40510
In base 13, what is -2 + -9771?
-9773
In base 14, what is -952a - -4?
-9526
In base 6, what is -1112121 + 4?
-1112113
In base 14, what is -3 - -14c35a?
14c357
In base 16, what is -1482 - d?
-148f
In base 9, what is -268 - -30?
-238
In base 6, what is 22035131 + 0?
22035131
In base 10, what is 0 - -5816?
5816
In base 14, what is -10672 - 3?
-10675
In base 3, what is 0 - 222110001?
-222110001
In base 2, what is 11101001 + -1010110111?
-111001110
In base 9, what is -1483010 - -4?
-1483005
In base 14, what is -a490 + 4?
-a48a
In base 2, what is 11100010100001 - -111001000?
11101001101001
In base 11, what is -1 + -435a8?
-435a9
In base 10, what is -298 + -6?
-304
In base 2, what is 111100100 - 111010?
110101010
In base 15, what is -1 + 39773?
39772
In base 7, what is 111005 + -12?
110663
In base 3, what is -221001020210221 - -2?
-221001020210212
In base 5, what is 30 - -23304202?
23304232
In base 7, what is -2250 + 1055?
-1162
In base 7, what is 2 - 216461?
-216456
In base 11, what is -204 + -2677?
-2880
In base 4, what is -10031 - -3111323?
3101232
In base 12, what is 15 + -12829?
-12814
In base 10, what is -1109575 - -5?
-1109570
In base 7, what is 1133 - 134?
666
In base 7, what is 226500 - -5?
226505
In base 14, what is b5 - -3c1?
496
In base 2, what is 101011 - 110101101011?
-110101000000
In base 9, what is -531888 - 0?
-531888
In base 13, what is -13c38b - -2?
-13c389
In base 10, what is 5 + 125290?
125295
In base 13, what is 89b + 613?
11b1
In base 13, what is -1861 - 29?
-188a
In base 11, what is 48 - -39467?
39504
In base 15, what is 4a3c47 + -3?
4a3c44
In base 8, what is 356 + -16?
340
In base 13, what is -7c966 - -6?
-7c960
In base 8, what is -302035 + -3?
-302040
In base 4, what is -12211232 - -1?
-12211231
In base 5, what is 13021 - -3342?
21413
In base 14, what is 572 + -19?
557
In base 15, what is 24933 - 8?
2492a
In base 12, what is 4 + -359ba1?
-359b99
In base 5, what is -4 + 23234302?
23234243
In base 13, what is 11 - c01?
-bc0
In base 8, what is -367 - 61?
-450
In base 3, what is 2202 + 20?
2222
In base 11, what is 186281 - 7?
186275
In base 5, what is 1031324 + -4?
1031320
In base 5, what is 20 - 211233?
-211213
In base 13, what is 264 - 27?
23a
In base 4, what is 31 + 212023?
212120
In base 15, what is 7 - -135180?
135187
In base 2, what is -11101 + -1100010111110?
-1100011011011
In base 4, what is 3 + -100103?
-100100
In base 6, what is 1 - 1030454?
-1030453
In base 15, what is 212c + 34?
2161
In base 14, what is -2a - 180?
-1aa
In base 13, what is 1ac - 2b0?
-101
In base 6, what is 0 - 3102?
-3102
In base 2, what is -10100111101 - 1010?
-10101000111
In base 10, what is -23 + 312?
289
In base 13, what is -b757 - -6?
-b751
In base 9, what is 25832 - -55?
25887
In base 4, what is 222031303 - 3?
222031300
In base 6, what is -2 - 313050?
-313052
In base 13, what is 11c5 - -14?
1209
In base 12, what is a + 189086?
189094
In base 13, what is -2 - -59b51?
59b4c
In base 12, what is -1a22 - -a9?
-1935
In base 11, what is 17 - -4935?
4951
In base 6, what is 50 - -2303?
2353
In base 15, what is 50b - 9?
502
In base 9, what is 5 - -212771?
212776
In base 8, what is 1141156 - -4?
1141162
In base 3, what is 2022 - 2112100021?
-2112020222
In base 8, what is -14 + -664?
-700
In base 5, what is -1 + 203223?
203222
In base 12, what is -5 + -138709?
-138712
In base 11, what is 82 + 403?
485
In base 14, what is -c36 + a?
-c2a
In base 13, what is 12a563 - 3?
12a560
In base 14, what is 1c132 - -6?
1c138
In base 13, what is -a430 + -29?
-a459
In base 8, what is -67 - 16220?
-16307
In base 7, what is -31 - -4500?
4436
In base 10, what is -127 + 29?
-98
In base 6, what is 43 + -22333?
-22250
In base 2, what is -100 + 1001001110101?
1001001110001
In base 2, what is 111001110000010 - 11?
111001101111111
In base 15, what is c0a - -6?
c11
In base 10, what is -2 - -129218?
129216
In base 7, what is 441 + 42?
513
In base 11, what is -59 - 3702?
-3760
In base 14, what is 16d71 - -44?
16db5
In base 12, what is 49032 - -1?
49033
In base 15, what is -1a + 113?
e8
In base 15, what is -45 - -608?
5b3
In base 6, what is -11 + -1310243?
-1310254
In base 8, what is -2210 + -1123?
-3333
In base 10, what is 35 + -51878?
-51843
In base 5, what is 11021231 + 13?
11021244
In base 5, what is 10 - -114120?
114130
In base 3, what is -12 - 1010101101?
-1010101120
In base 10, what is -4 - -13880?
13876
In base 6, what is -102 - -23451?
23345
In base 14, what is 3998 - 100?
3898
In base 11, what is -5915 + 12?
-5903
In base 6, what is -1033 + 2000?
523
In base 12, what is -239 + 4a4?
267
In base 12, what is 2ab0 + -4?
2aa8
In base 14, what is 19da9 + -4?
19da5
In base 3, what is 2 + 1120100211?
1120100220
In base 14, what is 13 + -69c?
-689
In base 7, what is 1033222 + 5?
1033230
In base 5, what is -42 + -23324?
-23421
In base 3, what is -1020002121 - 2111?
-1020012002
In base 8, what is -3052203 + 0?
-3052203
In base 9, what is -67 - 204?
-272
In base 2, what is 100101110001010111 + -101?
100101110001010010
In base 2, what is 10110000011000100110 - -1?
10110000011000100111
In base 4, what is 10 + -1021001?
-1020331
In base 12, what is 7191 - -5?
7196
In base 3, what is -2100 - 221021?
-1000121
In base 11, what is 190 - 5096?
-4a06
In base 14, what is -5 - -45089?
45084
In base 8, what is -3 + -2261360?
-2261363
In base 13, what is -2 + 2b27?
2b25
In base 5, what is 0 + -130234?
-130234
In base 13, what is -a918 + 4?
-a914
In base 3, what is -100012010 + -12?
-100012022
In base 15, what is 24da + 6?
24e1
In base 6, what is 155150353 + 1?
155150354
In base 16, what is 2cf59 - -5?
2cf5e
In base 7, what is -454362 + -5?
-454400
In base 6, what is -2 - -203255?
203253
In base 15, what is -20448 - 1?
-20449
In base 5, what is -10 + 3312?
3302
In base 11, what is 0 - 69842?
-69842
In base 12, what is 14575 + 3?
14578
In base 3, what is -111212202121222 + 12?
-111212202121210
In base 2, what is 0 - -100101101110101001000?
100101101110101001000
In base 8, what is -10 - -1563716?
1563706
In base 14, what is -b42b - -2?
-b429
In base 3, what is -101 - -22012220?
22012112
In base 13, what is 26 + -20b?
-1b5
In base 14, what is 21 - -40dd?
4120
In base 7, what is 3 + 24343?
24346
In base 7, what is 50532 - 6?
50523
In base 8, what is -7 + 447720?
447711
In base 10, what is -21576 - 27?
-21603
In base 2, what is 10001011100 - -10000?
10001101100
In base 8, what is 15440 + -13?
15425
In base 16, what is 4 - -1c92a?
1c92e
In base 9, what is -6162 + -170?
-6342
In base 7, what is -111 - 5?
-116
In base 2, what is -100 - -11111000101000111?
11111000101000011
In base 10, what is 530 + 2?
532
In base 2, what is 1 + -101000001100001?
-101000001100000
In base 4, what is -2 - 32100013?
-32100021
In base 15, what is dc - -32?
11e
In base 4, what is 32133233 + 0?
32133233
In base 8, what is 110 + -2472?
-2362
In base 4, what is 113 - 322022?
-321303
In base 3, what is 1002012 - 202220?
22022
In base 2, what is 11 +